2*l + 3*g, s*g = 25. What is the units digit of (-9)/(-4) - 5/l?
2
Let r be 4/(-14) - (-32)/14. Let k = 2 - r. Suppose -4*l + 27 + 5 = k. What is the units digit of l?
8
Let o(d) = 8*d - 17. What is the tens digit of o(7)?
3
Suppose -2*k = 4*h - 186, -h - 3*h = -4. What is the tens digit of k?
9
What is the units digit of (-4 + 6)*(-17)/(-2)?
7
Suppose 2*i + 36 = 5*i. Let g(a) = a - 6. What is the units digit of g(i)?
6
Let j(k) = -25*k. What is the units digit of j(-1)?
5
Let s(p) = -p**3 + 7*p**2 - 5*p + 1. Let z be s(5). Let j = z - 6. What is the units digit of j?
0
What is the tens digit of 152/6 + 14/21?
2
Let p(f) = 2*f + 55. What is the tens digit of p(0)?
5
Suppose -996 = -18*y + 66. What is the tens digit of y?
5
Let k(p) = -2 - 2*p + 28*p**2 + 9 - 6. What is the tens digit of k(1)?
2
Let i(q) = -q**2 - 13*q - 17. Let f be i(-12). Let h(r) = r**2 + 4*r + 5. What is the tens digit of h(f)?
1
Let j be 3*(-4)/4 - 3. What is the tens digit of (53 - 2)/((-9)/j)?
3
What is the tens digit of (330/(-8))/(3/(-12))?
6
Let g(h) = 0*h + 2 + 0 + 0 - 3*h + 19*h**3. What is the units digit of g(1)?
8
Suppose -2*v + 398 = -2*w, 5*v - 3*w + 72 - 1073 = 0. What is the hundreds digit of v?
2
Let v be 1 + (1 - (0 + 0)). Let p = -64 - -63. What is the units digit of v*(p + -5)*-1?
2
Let r(u) = -2*u + 17. Suppose 4*a = a + 21. What is the units digit of r(a)?
3
Let v(a) = a**2 + 8*a + 3. Let p = -5 - -11. Let l = -2 - p. What is the units digit of v(l)?
3
Let p = -1 - 0. What is the units digit of 83/3 - p/3?
8
Suppose -3*p = w - 29, -2*p = -2*w - 3*p + 38. What is the units digit of w?
7
What is the units digit of (-2)/(-6) + 140/12?
2
Let c = 76 + 172. What is the tens digit of c?
4
Let s(b) = b**3 + 2*b**2 - b + 170. What is the units digit of s(0)?
0
Suppose 74 = r - b - 73, -5*b = 2*r - 301. What is the tens digit of r?
4
Let p(s) = 3*s - 5. What is the units digit of p(16)?
3
Let n(j) = 3*j**2 - 3*j**2 + 6*j**2 - j**2. What is the units digit of n(1)?
5
Suppose d = -2*d - 27. What is the units digit of -4 + 15*(-6)/d?
6
Suppose -t + 2 = -3. Let s(f) = f**3 - 6*f**2 + 4*f + 7. Let o be s(t). What is the units digit of 2*((-1)/o + 1)?
1
Suppose -5*v + 2 = 2*a - 68, a - 36 = -3*v. What is the units digit of a?
0
Suppose 4*j = b - 156 + 24, 123 = b + 5*j. What is the hundreds digit of b?
1
Suppose -5*s + 146 = -n, 2*s - 74 - 6 = -5*n. Let j = 45 - s. What is the tens digit of j?
1
Let w = 86 - 39. What is the tens digit of w?
4
Suppose 100 = 2*u - 0*u - 4*i, u = -5*i + 22. What is the units digit of u?
2
Suppose -5*u + 0*u - 2*w = -44, 3*u - 3*w - 39 = 0. What is the tens digit of u?
1
Suppose -k - 3 + 7 = 0. Suppose -11 = -5*a + k. Let i = a - 0. What is the units digit of i?
3
Let j(t) = -3*t + 1. Let c be -2 + (0/3 - 1). What is the tens digit of j(c)?
1
Let q = -6 - -2. Let d be (6/(-4))/(2/q). Suppose k - 4*i = 6*k - 10, d*k + 5*i = 6. What is the units digit of k?
2
Let c(a) = -25*a - 7 + 2 + 4. What is the tens digit of c(-1)?
2
Let b = 4 - 1. Suppose 3*x + 18 = b. Let o = 1 - x. What is the units digit of o?
6
Suppose 3*o + 1 = 2*o. Let j = o + 3. Suppose 8*a - 3*a + 2*i - 48 = 0, j*a - 5*i = 25. What is the tens digit of a?
1
Let p(j) = -j**2 + 8*j - 3. Let q(c) = 5*c. Let u be q(1). Let a be p(u). Let v = -8 + a. What is the units digit of v?
4
Let l(i) = -2*i**3 - 25*i**2 - 7*i - 9. What is the units digit of l(-13)?
1
Suppose -4*m + 136 + 116 = 4*f, 0 = 4*m - 4*f - 244. What is the units digit of m?
2
Suppose z + a + 2*a - 14 = 0, 5*z - 150 = 5*a. Suppose q - z = -4*u, -5*q + 5 + 0 = -5*u. What is the units digit of q?
6
Let o be 8/((-28)/8 - -4). What is the units digit of (o/32)/((-2)/(-12))?
3
Let r(z) = -z**2 + 9*z + 1. Let n be r(8). Suppose -80 = 4*s - n*s. What is the tens digit of s?
1
What is the units digit of 660/(-77)*2*-14?
0
Let x(b) = -b**3 + 5*b**2 + 5*b. Let c be x(6). Let g(z) = -z**3 - 3*z**2 - z - 3. Let i be g(-3). Let m = i - c. What is the units digit of m?
6
Let g = 24 - -24. Suppose 5*s - g = -4*a, -3*s + 26 = 2*a - 0*s. What is the units digit of a?
7
Let c(w) be the second derivative of -13*w**3/6 - w**2/2 + 2*w. What is the tens digit of c(-1)?
1
Suppose o = 2 - 0. Suppose 0 = 4*x + o*z - 226, -3*x + 0*x = -2*z - 173. What is the units digit of x?
7
Suppose -2*b - 4*f = -6*f - 14, 3*b + 2*f - 11 = 0. Suppose -n - 2*d = 3, 0*n + b*d + 9 = -2*n. Suppose n*g = 2*g + 1. What is the units digit of g?
1
What is the hundreds digit of 5187/39 + (-2 - -1)*-4?
1
Let r be 5*1 - 15/5. Suppose 0 = r*d - 6 - 2. What is the units digit of d?
4
Let w(l) = -l + 8. Let k(j) = 2*j - 7. Let i(x) = -x**2 - 2*x - 2. Let c be i(-2). Let u(d) = c*k(d) - 3*w(d). What is the units digit of u(-11)?
1
Let w(n) = -n - 2. Let z(f) = -f**3 - 6*f**2 + 8*f + 4. Let x be z(-7). What is the units digit of w(x)?
1
Suppose 4*z - 8 = -0. Suppose 0 = -3*t + 10 + z. What is the units digit of 12/9 - t/(-6)?
2
What is the tens digit of (-144)/(-27)*(-30)/(-8)?
2
Let q(k) = 13*k**2 - 5*k - 11. What is the hundreds digit of q(-3)?
1
What is the units digit of 10*86/16 - 4/(-16)?
4
Suppose -x + 2*t = -12 - 27, 5*x - 2*t = 227. Let o = x - 14. What is the tens digit of o?
3
Suppose -3*n + 2*n + 36 = 0. What is the tens digit of n?
3
Let c(u) = 2*u**2 + 3*u - 7. Let t be c(5). Suppose 6*j - 2*j + t = 2*a, a - 35 = 4*j. What is the units digit of a?
3
Let j = 44 - 4. What is the units digit of j?
0
Suppose -2*f - s = -2, -5*s + 3*s = 3*f - 4. Suppose -3*w + 8*w - 125 = f. Suppose h - 12 = 2*g, 4 - w = -2*h + g. What is the units digit of h?
0
Let h(w) = 3*w**2 - 8*w - 8. Let t be h(-6). Let f = t - 106. What is the tens digit of f?
4
Let y = 3 + 5. Let f = 13 - y. Suppose f = 5*l, -2*l = 3*k - 2*k - 4. What is the units digit of k?
2
Let y = -13 - -61. Suppose 0 = -0*k + 2*k - y. What is the tens digit of k?
2
Let g(u) = u**3 + 6*u**2 + 4*u - 1. Let s be g(-4). Let t(b) = b**3 + 8*b**2 - 11*b - 12. Let m be t(-9). Let h = s - m. What is the units digit of h?
9
Let d(p) = -p + 2. What is the units digit of d(-4)?
6
Let l(t) = -t + 2. Let u be l(-2). Let r(o) = o**2 - 4*o + 2. What is the units digit of r(u)?
2
Let z be (0/(-4))/(0 - 2). Let l be z + -2 + 0 - -76. Suppose 26 = -4*x + l. What is the units digit of x?
2
Let m be 4 + (-1 - 1) + 3. Suppose 2*z + 2*g - 5*g = 26, 0 = -m*z - 2*g + 27. What is the units digit of z?
7
Let s(x) be the second derivative of -x**5/20 - x**4/12 + 2*x**3/3 - x. Let d(o) = o**3 - 3*o**2 - 4*o - 3. Let y be d(4). What is the units digit of s(y)?
6
Let a(t) be the first derivative of 0*t + 0*t**3 - 3*t**4 + 1/2*t**2 - 3. What is the units digit of a(-1)?
1
Suppose -s = -4*u + 2*s + 31, 5*u = 5*s + 45. Suppose u*w = -w + 15. What is the units digit of w?
3
Let b = -2 + 10. Let x = b - 0. What is the units digit of x + 1/(0 + -1)?
7
Let b(n) = -1 - 6*n - 1 - 1 - 3. What is the tens digit of b(-5)?
2
Let r = -13 - 10. Let x = r + 47. Suppose 3*q - x = -q. What is the units digit of q?
6
Let b be (6/(-4))/(6/(-12)). Let r = -1 + b. What is the units digit of r?
2
Let b be (-7)/(-4) + (-2)/(-8). Let x(q) = q**3 - 2*q**2 + 2*q + 1. What is the units digit of x(b)?
5
Let u = -44 - -77. What is the units digit of u?
3
Let j(g) = g + 4. Let w be j(-6). Let l be w/(-3) + (-145)/15. Let h = 14 + l. What is the units digit of h?
5
What is the units digit of (-4)/((-1 - 3) + 2)?
2
Let c = 12 + -6. Let y(p) be the second derivative of -p**5/20 + 5*p**4/12 + p**3 + 2*p**2 + 4*p + 6. What is the units digit of y(c)?
4
Let z(u) = -u - 7. Let v be z(-5). Suppose 5 = 3*w - o, 3*o - 3 = 3*w + 6*o. Let h = w - v. What is the units digit of h?
3
Suppose -142 = -3*d + 5*b, -5 = -4*b - 13. Suppose s + 4*s = 3*l - d, -3*s = -5*l + 52. What is the units digit of l?
8
Suppose 2*x = -4*g + 70, 0*g - 5*x = 2*g - 23. What is the units digit of g?
9
Suppose 2*i = -h + 5*h - 24, 2*h - 2 = -4*i. Suppose h*t - 9 = 31. What is the units digit of t?
8
Let g(u) = -u**2 + 8*u - 10. What is the units digit of g(5)?
5
Let z(v) = -23*v**3 - v**2. Let h(o) = o**3 - 4*o**2 - 6*o + 4. Let i be h(5). What is the tens digit of z(i)?
2
Suppose -2*a + 11 = -3*a + 4*s, -a + s - 2 = 0. What is the units digit of 30/2 + a + 3?
9
Let g(c) = 6*c**2 - 45. What is the hundreds d